(base 11) in base 2?
-10011001101
Convert -31251 (base 8) to base 2.
-11001010101001
Convert 102211 (base 3) to base 6.
1251
4044 (base 6) to base 9
1201
-211222 (base 3) to base 8
-1154
What is 5413 (base 8) in base 4?
230023
-21100121 (base 3) to base 12
-312a
Convert 16502 (base 7) to base 14.
1a02
1638 (base 11) to base 9
2781
Convert -2212011 (base 3) to base 14.
-a8b
Convert 1101112 (base 3) to base 4.
33311
Convert 10953 (base 10) to base 13.
4ca7
Convert 47110 (base 10) to base 12.
2331a
What is 400 (base 5) in base 4?
1210
What is 9c3 (base 16) in base 15?
b19
What is 8de (base 16) in base 8?
4336
Convert 781 (base 11) to base 10.
936
Convert -1547 (base 10) to base 13.
-920
-4462 (base 7) to base 10
-1612
Convert -402 (base 9) to base 5.
-2301
-242 (base 5) to base 16
-48
What is 131 (base 9) in base 4?
1231
-2565 (base 10) to base 8
-5005
What is 21010 (base 5) in base 11?
1045
What is -3160 (base 14) in base 4?
-2011000
-b44 (base 12) to base 3
-2020121
-597 (base 13) to base 8
-1711
Convert -111555 (base 7) to base 3.
-1000012200
What is 2a90 (base 11) in base 15?
129b
What is -110 (base 7) in base 13?
-44
Convert -3040 (base 6) to base 14.
-360
What is -10156 (base 8) in base 7?
-15156
Convert -110111110111101 (base 2) to base 7.
-146253
Convert -1211 (base 7) to base 4.
-13001
-12131 (base 10) to base 15
-38db
100110111010010 (base 2) to base 7
112040
Convert -764b (base 13) to base 10.
-16456
-6c1 (base 13) to base 7
-3262
10022022 (base 3) to base 10
2411
Convert -4852 (base 10) to base 2.
-1001011110100
Convert -4602 (base 16) to base 10.
-17922
55565 (base 7) to base 14
516c
Convert -1bb (base 13) to base 8.
-503
What is -20125 (base 7) in base 9?
-6611
Convert 37645 (base 8) to base 9.
24313
What is -1011001010 (base 2) in base 11?
-59a
Convert -7 (base 8) to base 16.
-7
130001 (base 4) to base 6
12145
Convert 140 (base 13) to base 4.
3131
What is -5072 (base 12) in base 9?
-12865
187 (base 14) to base 3
102200
Convert -3c46 (base 15) to base 14.
-49ab
Convert -121246 (base 7) to base 13.
-a08a
-b58 (base 12) to base 8
-3164
What is 12232 (base 5) in base 3?
1021220
13100 (base 4) to base 3
122012
Convert -13240 (base 5) to base 3.
-1110122
-13db (base 14) to base 8
-6705
What is 10523 (base 7) in base 5?
41123
Convert ced (base 15) to base 3.
11000021
What is -3219 (base 13) in base 14?
-2767
What is -421124 (base 5) in base 14?
-50dc
-1001100 (base 3) to base 4
-23331
-bc3 (base 13) to base 3
-2202202
What is -1404 (base 11) in base 15?
-814
What is 101001011 (base 2) in base 5?
2311
What is 112222100 (base 3) in base 11?
8225
Convert -14101 (base 5) to base 2.
-10001111111
Convert -30040 (base 9) to base 15.
-5c99
Convert -160223 (base 7) to base 10.
-31328
-2115 (base 7) to base 13
-456
What is -28b (base 14) in base 4?
-20003
-4047 (base 9) to base 13
-1468
Convert -484b (base 14) to base 10.
-12611
Convert 1080 (base 9) to base 2.
1100100001
-1556 (base 11) to base 12
-11a5
Convert 131 (base 15) to base 2.
100001111
What is -510 (base 7) in base 9?
-310
Convert -12622 (base 7) to base 12.
-1b71
-20121 (base 4) to base 11
-449
What is 1011001000101 (base 2) in base 5?
140301
251 (base 6) to base 4
1213
What is 1110101001 (base 2) in base 6?
4201
Convert -31364 (base 8) to base 12.
-7670
-2157 (base 8) to base 9
-1501
What is a0 (base 12) in base 3?
11110
-829 (base 13) to base 16
-56b
3739 (base 11) to base 13
22b7
-3441 (base 10) to base 14
-137b
Convert 8d7f (base 16) to base 14.
d2b5
-3725 (base 8) to base 6
-13141
What is 289 (base 10) in base 6?
1201
Convert 66bb (base 13) to base 7.
56560
Convert -757 (base 14) to base 9.
-1880
Convert 5487 (base 12) to base 15.
2b64
What is -423 (base 12) in base 15?
-2a3
2211231 (base 4) to base 5
314410
Convert -26cc (base 15) to base 7.
-33114
What is c737 (base 16) in base 5?
3112444
703 (base 10) to base 2
1010111111
Convert -222202 (base 3) to base 16.
-2d2
What is -22000 (base 3) in base 12?
-160
-887 (base 12) to base 4
-103213
What is -816 (base 11) in base 16?
-3d9
What is 14233 (base 10) in base 16?
3799
-4551 (base 11) to base 6
-43413
Convert 10012102222 (base 3) to base 2.
1111011000101001
What is -11011110110 (base 2) in base 6?
-12130
What is -32a (base 12) in base 11?
-394
-303653 (base 7) to base 14
-14c2a
What is 5111 (base 6) in base 10?
1123
Convert 9648 (base 13) to base 10.
20847
Convert 2350 (base 6) to base 13.
34b
11444 (base 8) to base 12
2a04
638a (base 11) to base 13
3aca
Convert 540 (base 10) to base 12.
390
What is c88 (base 15) in base 16?
b0c
Convert -207 (base 9) to base 8.
-251
Convert 9a2 (base 13) to base 12.
b59
What is -691 (base 14) in base 16?
-517
Convert -853 (base 9) to base 10.
-696
What is 3055 (base 14) in base 15?
26dc
57 (base 12) to base 15
47
What is -2286 (base 9) in base 16?
-6a2
Convert -3941 (base 12) to base 13.
-2c83
Convert 11381 (base 10) to base 16.
2c75
Convert 1324 (base 7) to base 11.
422
What is 1165 (base 7) in base 13?
27a
1308 (base 14) to base 12
1b24
Convert 17eb (base 15) to base 2.
1010000110011
What is 1062 (base 11) in base 4?
111313
-232123 (base 4) to base 7
-11443
Convert -40cc (base 15) to base 4.
-3111330
Convert -100310 (base 4) to base 5.
-13301
What is 101020 (base 4) in base 10?
1096
-2cd (base 15) to base 14
-33d
1119 (base 10) to base 13
681
-24578 (base 9) to base 10
-16514
What is 1121 (base 10) in base 6?
5105
What is -222102 (base 3) in base 5?
-10323
What is 22220 (base 5) in base 14?
7d6
-22040 (base 5) to base 15
-6b5
-101010221 (base 3) to base 9
-11127
113 (base 13) to base 15
c5
Convert 8842 (base 11) to base 6.
125554
Convert -87b (base 12) to base 13.
-74c
What is -14698 (base 10) in base 2?
-11100101101010
Convert 110110001 (base 2) to base 3.
121001
Convert 134015 (base 6) to base 9.
18172
Convert -3fbe (base 16) to base 15.
-4c7d
21c (base 16) to base 13
327
What is -2100000101 (base 3) in base 2?
-1011001101110001
What is 1251 (base 6) in base 7?
634
Convert 10111110101 (base 2) to base 3.
2002111
71222 (base 8) to base 12
14b82
Convert -111001000001 (base 2) to base 8.
-7101
-1430 (base 6) to base 15
-1a3
-3a5 (base 15) to base 12
-592
Convert -130003 (base 5) to base 12.
-2a8b
225252 (base 6) to base 11
13581
Convert 3032331 (base 5) to base 4.
23333003
What is 60328 (base 9) in base 16?
9ad3
111010101111110 (base 2) to base 16
757e
What is 200444 (base 5) in base 15?
1d4e
Convert -1858 (base 9) to base 2.
-10110010110
250 (base 7) to base 5
1013
-3440 (base 6) to base 14
-424
-230120 (base 4) to base 8
-5430
Convert -4918 (base 10) to base 8.
-11466
What is 730 (base 10) in base 6?
3214
Convert 100011011011010 (base 2) to base 10.
18138
35572 (base 8) to base 15
47a1
378 (base 11) to base 2
111000000
Convert -220121021 (base 3) to base 11.
-12525
Convert 22298 (base 11) to base 14.
baa9
What is -1114 (base 5) in base 10?
-159
What is 216 (base 13) in base 7?
1020
Convert -31806 (base 12) to base 10.
-65094
Convert 540 (base 12) to base 3.
1001110
Convert 1012211 (base 3) to base 13.
532
Convert 265645 (base 7) to base 10.
50062
c202 (base 13) to base 12
13554
-2433 (base 9) to base 4
-130110
Convert -3560 (base 7) to base 16.
-524
Convert 10000101010111 (base 2) to base 6.
103303
Convert b668 (base 13) to base 11.
17a90
What is -53234 (base 8) in base 10?
-22172
1805 (base 13) to base 14
141c
Convert -10b (base 15) to base 4.
-3230
Convert -126 (base 16) to base 8.
-446
-74 (base 15) to base 3
-11001
What is -a71 (base 14) in base 11?
-1602
-3402 (base 8) to base 15
-7e9
-10011011011 (base 2) to base 11
-a30
a09 (base 11) to base 4
103003
What is -10110000 (base 3) in base 7?
-10215
1100100011 (base 2) to base 8
1443
Convert 164 (base 10) to base 4.
2210
What is -301 (base 9) in base 10?
-244
102211 (base 4) to base 3
1122001
What is -b321 (base 14) in base 15?
-91d6
2608 (base 10) to base 8
5060
Convert 100421 (base 5) to base 14.
1272
What is 315 (base 13) in base 5?
4100
Convert 21784 (base 9) to base 13.
679c
What is -1cb2 (base 13) in base 10?
-4370
What is -5cd (base 14) in base 11?
-966
Convert 102233 (base 4) to base 10.
1199
Convert 1001101100 (base 2) to base 15.
2b5
-70b1 (base 14) to base 10
-19363
-2212 (base 4) to base 6
-434
100 (base 10) to base 12
84
10011